ctor of 170884?
False
Is 3102858 a multiple of 22?
True
Does 250 divide 87250?
True
Is 33 a factor of 94479?
True
Is 9 a factor of 3083105?
False
Does 8 divide 210480?
True
Does 368 divide 108928?
True
Is 154752 a multiple of 156?
True
Is 177385 a multiple of 156?
False
Is 2523298 a multiple of 138?
False
Does 12 divide 13960776?
True
Does 1216 divide 14191445?
False
Is 48 a factor of 404750?
False
Does 42 divide 169945?
False
Is 1193010 a multiple of 7?
True
Does 153 divide 3765330?
True
Does 34 divide 255255?
False
Is 66 a factor of 96426?
True
Does 17 divide 11704?
False
Is 11709 a multiple of 2?
False
Is 35 a factor of 2400309?
False
Is 732372 a multiple of 276?
False
Is 190 a factor of 206050?
False
Is 105 a factor of 177135?
True
Is 16 a factor of 424949?
False
Does 2 divide 1587711?
False
Does 958 divide 4818496?
False
Does 59 divide 89594?
False
Does 5 divide 1555985?
True
Does 76 divide 298406?
False
Is 998692 a multiple of 122?
True
Is 3536376 a multiple of 232?
True
Is 207 a factor of 327060?
True
Does 14 divide 176274?
True
Is 107 a factor of 141668?
True
Is 120730 a multiple of 14?
False
Is 18 a factor of 160135?
False
Is 6293712 a multiple of 6?
True
Is 11 a factor of 12837?
True
Does 2 divide 344803?
False
Does 6 divide 97023?
False
Does 41 divide 102828?
True
Is 4976 a multiple of 6?
False
Does 35 divide 118146?
False
Does 27 divide 39555?
True
Is 79 a factor of 46922?
False
Does 52 divide 25164?
False
Is 2997574 a multiple of 321?
False
Does 414 divide 1821128?
False
Is 160960 a multiple of 20?
True
Does 319 divide 2452791?
True
Is 68 a factor of 250048?
False
Does 87 divide 199926?
True
Does 71 divide 36738?
False
Is 40 a factor of 5096800?
True
Is 9132228 a multiple of 882?
True
Does 427 divide 782691?
True
Does 12 divide 151015?
False
Is 29 a factor of 876381?
False
Is 44302 a multiple of 20?
False
Is 55626 a multiple of 146?
True
Is 15 a factor of 11168?
False
Is 209644 a multiple of 13?
False
Is 96105 a multiple of 23?
False
Is 18 a factor of 23415800?
False
Is 62655 a multiple of 337?
False
Is 15 a factor of 120360?
True
Is 1833636 a multiple of 84?
True
Does 30 divide 15810?
True
Is 110 a factor of 7760720?
True
Is 15 a factor of 22378455?
True
Is 12 a factor of 22710588?
True
Is 20 a factor of 2109120?
True
Does 70 divide 355180?
True
Is 308568 a multiple of 552?
True
Is 14042660 a multiple of 20?
True
Is 515390 a multiple of 35?
False
Is 600 a factor of 95951?
False
Is 1353082 a multiple of 82?
True
Is 69657 a multiple of 31?
True
Does 17 divide 8098?
False
Does 252 divide 13410?
False
Is 227112 a multiple of 24?
True
Is 82 a factor of 1648036?
True
Does 6 divide 332392?
False
Is 144041 a multiple of 37?
True
Is 303864 a multiple of 24?
True
Does 28 divide 390453?
False
Is 446 a factor of 105376?
False
Does 226 divide 6471895?
False
Does 69 divide 279996?
False
Does 7 divide 222150?
False
Is 13 a factor of 55445?
True
Is 177056 a multiple of 8?
True
Is 57 a factor of 1164966?
True
Is 27 a factor of 2170774?
False
Does 10 divide 3710955?
False
Is 5745303 a multiple of 17?
True
Is 33768 a multiple of 22?
False
Is 9 a factor of 17832740?
False
Is 4015601 even?
False
Is 59 a factor of 387984?
True
Is 15 a factor of 310245?
True
Is 19120 a multiple of 12?
False
Does 18 divide 47628?
True
Is 21 a factor of 70817?
False
Is 870 a factor of 1537223?
False
Is 50 a factor of 2760800?
True
Is 8 a factor of 996768?
True
Is 80 a factor of 5147?
False
Is 126743 a multiple of 24?
False
Is 89 a factor of 29778?
False
Is 12879277 a multiple of 29?
True
Is 90 a factor of 201330?
True
Is 41382 a multiple of 56?
False
Is 94156 a multiple of 15?
False
Is 26620 a multiple of 968?
False
Does 75 divide 19713?
False
Is 240 a factor of 7068429?
False
Does 9 divide 877302?
True
Is 5 a factor of 13547785?
True
Does 120 divide 210902?
False
Is 45 a factor of 413010?
True
Is 6 a factor of 640300?
False
Is 709529 a multiple of 17?
True
Is 480168 a multiple of 312?
True
Is 516071 a multiple of 113?
True
Is 1540125 a multiple of 7?
False
Is 5 a factor of 6777547?
False
Does 25 divide 100350?
True
Is 145747 a multiple of 132?
False
Is 161775 a multiple of 15?
True
Is 37 a factor of 3331827?
False
Is 248 a factor of 274288?
True
Does 177 divide 10640886?
True
Is 18 a factor of 35203158?
True
Is 1784 a factor of 16316464?
True
Is 17 a factor of 274090?
False
Is 3764568 a multiple of 12?
True
Is 202 a factor of 93526?
True
Does 10 divide 14256014?
False
Is 319674 a multiple of 290?
False
Is 3 a factor of 645560?
False
Is 1464932 a multiple of 44?
False
Does 13 divide 56901?
True
Is 585 a factor of 11575556?
False
Is 2607714 a multiple of 27?
True
Is 5 a factor of 312112?
False
Is 206 a factor of 365238?
True
Is 95800 a multiple of 52?
False
Does 19 divide 201053?
False
Does 100 divide 259300?
True
Is 289716 a multiple of 14?
True
Does 7 divide 505785?
True
Does 26 divide 1747590?
True
Is 1205 a factor of 6971702?
False
Does 218 divide 83494?
True
Does 14 divide 699202?
True
Is 8791 a multiple of 2?
False
Is 32 a factor of 107072?
True
Does 18 divide 49000?
False
Is 60930 a multiple of 30?
True
Is 3 a factor of 155989?
False
Does 95 divide 5058940?
True
Is 2426771 a multiple of 707?
False
Is 193 a factor of 10422?
True
Is 192 a factor of 398208?
True
Does 7 divide 104951?
True
Is 845365 a multiple of 5?
True
Does 158 divide 105350?
False
Is 67490 a multiple of 34?
True
Is 11471 a multiple of 3?
False
Is 28 a factor of 499884?
True
Does 13 divide 11453?
True
Does 2 divide 63413?
False
Is 475 a factor of 536275?
True
Does 5 divide 3048305?
True
Is 11 a factor of 646893?
False
Is 4 a factor of 1864914?
False
Does 7 divide 1152143?
False
Is 113 a factor of 2519335?
True
Is 529941 a multiple of 289?
False
Is 14 a factor of 213174?
False
Is 438226 a multiple of 43?
False
Does 473 divide 14845105?
True
Is 123 a factor of 98892?
True
Does 110 divide 786199?
False
Is 13 a factor of 13343666?
False
Does 40 divide 33880?
True
Is 58 a factor of 319928?
True
Is 39820 a multiple of 11?
True
Does 267 divide 939361?
False
Does 103 divide 164230?
False
Is 397382 a multiple of 278?
False
Is 3765 a multiple of 264?
False
Does 23 divide 25194?
False
Is 143 a factor of 6031098?
False
Is 6680165 a multiple of 267?
False
Does 8 divide 2748337?
False
Is 157 a factor of 12291844?
True
Does 145 divide 1344641?
False
Is 1008131 a multiple of 408?
False
Is 2912116 a multiple of 73?
True
Is 102999 a multiple of 13?
True
Is 39 a factor of 916352?
False
Does 3 divide 58497?
True
Is 104 a factor of 99632?
True
Is 29 a factor of 6416650?
False
Is 33 a factor of 694305?
False
Is 94432 a multiple of 4?
True
Is 1545682 a multiple of 52?
False
Is 167342 a multiple of 14?
True
Does 69 divide 4884951?
False
Is 141063 a multiple of 13?
True
Does 5 divide 758234?
False
Is 213816 a multiple of 24?
True
Does 334 divide 6037050?
True
Is 53380 a multiple of 43?
False
Is 40269 a multiple of 6?
False
Does 46 divide 11498022?
True
Is 6 a factor of 102131?
False
Is 12210930 a multiple of 782?
True
Is 577125 a multiple of 243?
True
Is 245 a factor of 120540?
True
Does 333 divide 14880?
False
Is 406604 a multiple of 44?
True
Does 6 divide 4649114?
False
Is 674752 a multiple of 62?
False
Is 10 a factor of 612750?
True
Is 543 a factor of 1955603?
False
Does 30 divide 2915070?
True
Is 820 a factor of 3721639?
False
Is 504954 a multiple of 18?
True
Is 994175 a multiple of 62?
False
Does 2 divide 292064?
True
Is 31314 a multiple of 188?
False
Is 1122647 a multiple of 2?
False
Does 150 divide 12552527?
False
Does 9 divide 445887?
True
Does 131 divide 363656?
True
Is 500 a factor of 3338000?
True
Is 535602 a multiple of 199?
False
Is 20 a factor of 751820?
True
Does 11 divide 1295393?
True
Is 8 a factor of 258072?
True
Is 389468 a multiple of 40?
False
Is 4544333 a multiple of 389?
False
Is 54 a factor of 1816021?
False
Is 222836 a multiple of 12?
False
Does 17 divide 19261?
True
Is 129 a factor of 3483258?
True
Is 60 a factor of 9300?
True
Is 6 a factor of 423384?
True
Is 79194 a multiple of 201?
True
Does 709 divide 12704141?
False
Is 14 a factor of 461188?
True
Is 19 a factor of 117310?
False
Does 8 divide 592256?
True
Does 40 divide 130946?
False
Is 955380 a multiple of 30?
True
Does 27 divide 3481961?
F